{"version":"1.0","provider_name":"Col\u00b7legi de Farmac\u00e8utics de Barcelona","provider_url":"https:\/\/www.cofb.org\/es","title":"El doctor V\u00edctor Vidal inaugurar\u00e1 \u2018Infarma Madrid 2022\u2019 - Col\u00b7legi de Farmac\u00e8utics de Barcelona","type":"rich","width":600,"height":338,"html":"<blockquote class=\"wp-embedded-content\" data-secret=\"h2bEPdT0iF\"><a href=\"https:\/\/www.cofb.org\/es\/2022\/01\/28\/el-doctor-victor-vidal-inaugurara-infarma-madrid-2022\/\">El doctor V\u00edctor Vidal inaugurar\u00e1 &#039;Infarma Madrid 2022&#039;<\/a><\/blockquote><iframe sandbox=\"allow-scripts\" security=\"restricted\" src=\"https:\/\/www.cofb.org\/es\/2022\/01\/28\/el-doctor-victor-vidal-inaugurara-infarma-madrid-2022\/embed\/#?secret=h2bEPdT0iF\" width=\"600\" height=\"338\" title=\"\u00abEl doctor V\u00edctor Vidal inaugurar\u00e1 \u2018Infarma Madrid 2022\u2019\u00bb \u2014 Col\u00b7legi de Farmac\u00e8utics de Barcelona\" data-secret=\"h2bEPdT0iF\" frameborder=\"0\" marginwidth=\"0\" marginheight=\"0\" scrolling=\"no\" class=\"wp-embedded-content\"><\/iframe><script>\n\/*! This file is auto-generated *\/\n!function(d,l){\"use strict\";l.querySelector&&d.addEventListener&&\"undefined\"!=typeof URL&&(d.wp=d.wp||{},d.wp.receiveEmbedMessage||(d.wp.receiveEmbedMessage=function(e){var t=e.data;if((t||t.secret||t.message||t.value)&&!\/[^a-zA-Z0-9]\/.test(t.secret)){for(var s,r,n,a=l.querySelectorAll('iframe[data-secret=\"'+t.secret+'\"]'),o=l.querySelectorAll('blockquote[data-secret=\"'+t.secret+'\"]'),c=new RegExp(\"^https?:$\",\"i\"),i=0;i<o.length;i++)o[i].style.display=\"none\";for(i=0;i<a.length;i++)s=a[i],e.source===s.contentWindow&&(s.removeAttribute(\"style\"),\"height\"===t.message?(1e3<(r=parseInt(t.value,10))?r=1e3:~~r<200&&(r=200),s.height=r):\"link\"===t.message&&(r=new URL(s.getAttribute(\"src\")),n=new URL(t.value),c.test(n.protocol))&&n.host===r.host&&l.activeElement===s&&(d.top.location.href=t.value))}},d.addEventListener(\"message\",d.wp.receiveEmbedMessage,!1),l.addEventListener(\"DOMContentLoaded\",function(){for(var e,t,s=l.querySelectorAll(\"iframe.wp-embedded-content\"),r=0;r<s.length;r++)(t=(e=s[r]).getAttribute(\"data-secret\"))||(t=Math.random().toString(36).substring(2,12),e.src+=\"#?secret=\"+t,e.setAttribute(\"data-secret\",t)),e.contentWindow.postMessage({message:\"ready\",secret:t},\"*\")},!1)))}(window,document);\n<\/script>","thumbnail_url":"https:\/\/novaorg.cofb.net\/wp-content\/uploads\/2022\/01\/ecc7f7d9-6118-4bc4-9648-408fafcb165c-NuYA6f.png","thumbnail_width":762,"thumbnail_height":327,"description":"\u00a0 Congreso y Sal\u00f3n de la farmacia ultima un ambicioso\u00a0programa\u00a0cient\u00edfico que contar\u00e1 con una Sala COVID para analizar la experiencia y todas las novedades relacionadas con la pandemia El doctor\u00a0V\u00edctor Vidal Lacosta, m\u00e9dico de Trabajo e inspector de la Seguridad Social, impartir\u00e1, el pr\u00f3ximo 22 de marzo, la conferencia inaugural [&hellip;]"}

Col·legi de Farmacèutics de Barcelona

El doctor Víctor Vidal inaugurará ‘Infarma Madrid 2022’ - Col·legi de Farmacèutics de Barcelona

<blockquote class="wp-embedded-content" data-secret="h2bEPdT0iF"><a href="https://www.cofb.org/es/2022/01/28/el-doctor-victor-vidal-inaugurara-infarma-madrid-2022/">El doctor Víctor Vidal inaugurará &#039;Infarma Madrid 2022&#039;</a></blockquote><iframe sandbox="allow-scripts" security="restricted" src="https://www.cofb.org/es/2022/01/28/el-doctor-victor-vidal-inaugurara-infarma-madrid-2022/embed/#?secret=h2bEPdT0iF" width="600" height="338" title="«El doctor Víctor Vidal inaugurará ‘Infarma Madrid 2022’» — Col·legi de Farmacèutics de Barcelona" data-secret="h2bEPdT0iF" frameborder="0" marginwidth="0" marginheight="0" scrolling="no" class="wp-embedded-content"></iframe><script>
/*! This file is auto-generated */
!function(d,l){"use strict";l.querySelector&&d.addEventListener&&"undefined"!=typeof URL&&(d.wp=d.wp||{},d.wp.receiveEmbedMessage||(d.wp.receiveEmbedMessage=function(e){var t=e.data;if((t||t.secret||t.message||t.value)&&!/[^a-zA-Z0-9]/.test(t.secret)){for(var s,r,n,a=l.querySelectorAll('iframe[data-secret="'+t.secret+'"]'),o=l.querySelectorAll('blockquote[data-secret="'+t.secret+'"]'),c=new RegExp("^https?:$","i"),i=0;i<o.length;i++)o[i].style.display="none";for(i=0;i<a.length;i++)s=a[i],e.source===s.contentWindow&&(s.removeAttribute("style"),"height"===t.message?(1e3<(r=parseInt(t.value,10))?r=1e3:~~r<200&&(r=200),s.height=r):"link"===t.message&&(r=new URL(s.getAttribute("src")),n=new URL(t.value),c.test(n.protocol))&&n.host===r.host&&l.activeElement===s&&(d.top.location.href=t.value))}},d.addEventListener("message",d.wp.receiveEmbedMessage,!1),l.addEventListener("DOMContentLoaded",function(){for(var e,t,s=l.querySelectorAll("iframe.wp-embedded-content"),r=0;r<s.length;r++)(t=(e=s[r]).getAttribute("data-secret"))||(t=Math.random().toString(36).substring(2,12),e.src+="#?secret="+t,e.setAttribute("data-secret",t)),e.contentWindow.postMessage({message:"ready",secret:t},"*")},!1)))}(window,document);
</script>

Congreso y Salón de la farmacia ultima un ambicioso programa científico que contará con una Sala COVID para analizar la experiencia y todas las novedades relacionadas con la pandemia El doctor Víctor Vidal Lacosta, médico de Trabajo e inspector de la Seguridad Social, impartirá, el próximo 22 de marzo, la conferencia inaugural [&hellip;]
