{"version":"1.0","provider_name":"Col\u00b7legi de Farmac\u00e8utics de Barcelona","provider_url":"https:\/\/www.cofb.org\/es","title":"El Col\u00b7legi als mitjans: mar\u00e7","type":"rich","width":600,"height":338,"html":"<blockquote class=\"wp-embedded-content\" data-secret=\"4FotL5PdBs\"><a href=\"https:\/\/www.cofb.org\/es\/2018\/04\/26\/noticia-mitjans-marc\/\">Marzo: Infarma Madrid 2018, gu\u00eda de salud bucodental y Plenufar 6, temas destacados en los medios de comunicaci\u00f3n<\/a><\/blockquote><iframe sandbox=\"allow-scripts\" security=\"restricted\" src=\"https:\/\/www.cofb.org\/es\/2018\/04\/26\/noticia-mitjans-marc\/embed\/#?secret=4FotL5PdBs\" width=\"600\" height=\"338\" title=\"\u00abMarzo: Infarma Madrid 2018, gu\u00eda de salud bucodental y Plenufar 6, temas destacados en los medios de comunicaci\u00f3n\u00bb \u2014 Colegio de Farmac\u00e9uticos de Barcelona\" data-secret=\"4FotL5PdBs\" frameborder=\"0\" marginwidth=\"0\" marginheight=\"0\" scrolling=\"no\" class=\"wp-embedded-content\"><\/iframe><script>\n\/*! This file is auto-generated *\/\n!function(d,l){\"use strict\";l.querySelector&&d.addEventListener&&\"undefined\"!=typeof URL&&(d.wp=d.wp||{},d.wp.receiveEmbedMessage||(d.wp.receiveEmbedMessage=function(e){var t=e.data;if((t||t.secret||t.message||t.value)&&!\/[^a-zA-Z0-9]\/.test(t.secret)){for(var s,r,n,a=l.querySelectorAll('iframe[data-secret=\"'+t.secret+'\"]'),o=l.querySelectorAll('blockquote[data-secret=\"'+t.secret+'\"]'),c=new RegExp(\"^https?:$\",\"i\"),i=0;i<o.length;i++)o[i].style.display=\"none\";for(i=0;i<a.length;i++)s=a[i],e.source===s.contentWindow&&(s.removeAttribute(\"style\"),\"height\"===t.message?(1e3<(r=parseInt(t.value,10))?r=1e3:~~r<200&&(r=200),s.height=r):\"link\"===t.message&&(r=new URL(s.getAttribute(\"src\")),n=new URL(t.value),c.test(n.protocol))&&n.host===r.host&&l.activeElement===s&&(d.top.location.href=t.value))}},d.addEventListener(\"message\",d.wp.receiveEmbedMessage,!1),l.addEventListener(\"DOMContentLoaded\",function(){for(var e,t,s=l.querySelectorAll(\"iframe.wp-embedded-content\"),r=0;r<s.length;r++)(t=(e=s[r]).getAttribute(\"data-secret\"))||(t=Math.random().toString(36).substring(2,12),e.src+=\"#?secret=\"+t,e.setAttribute(\"data-secret\",t)),e.contentWindow.postMessage({message:\"ready\",secret:t},\"*\")},!1)))}(window,document);\n<\/script>","thumbnail_url":null,"thumbnail_width":null,"thumbnail_height":null,"description":"El Col\u00b7legi ha estat not\u00edcia als mitjans de comunicaci\u00f3 durant el mar\u00e7 per diversos temes. Els que van tenir m\u00e9s repercussi\u00f3 van ser Infarma Madrid 2018, la nova guia de salut bucodental per a farm\u00e0cies i el projecte Plenufar."}

Col·legi de Farmacèutics de Barcelona

El Col·legi als mitjans: març

<blockquote class="wp-embedded-content" data-secret="4FotL5PdBs"><a href="https://www.cofb.org/es/2018/04/26/noticia-mitjans-marc/">Marzo: Infarma Madrid 2018, guía de salud bucodental y Plenufar 6, temas destacados en los medios de comunicación</a></blockquote><iframe sandbox="allow-scripts" security="restricted" src="https://www.cofb.org/es/2018/04/26/noticia-mitjans-marc/embed/#?secret=4FotL5PdBs" width="600" height="338" title="«Marzo: Infarma Madrid 2018, guía de salud bucodental y Plenufar 6, temas destacados en los medios de comunicación» — Colegio de Farmacéuticos de Barcelona" data-secret="4FotL5PdBs" frameborder="0" marginwidth="0" marginheight="0" scrolling="no" class="wp-embedded-content"></iframe><script>
/*! This file is auto-generated */
!function(d,l){"use strict";l.querySelector&&d.addEventListener&&"undefined"!=typeof URL&&(d.wp=d.wp||{},d.wp.receiveEmbedMessage||(d.wp.receiveEmbedMessage=function(e){var t=e.data;if((t||t.secret||t.message||t.value)&&!/[^a-zA-Z0-9]/.test(t.secret)){for(var s,r,n,a=l.querySelectorAll('iframe[data-secret="'+t.secret+'"]'),o=l.querySelectorAll('blockquote[data-secret="'+t.secret+'"]'),c=new RegExp("^https?:$","i"),i=0;i<o.length;i++)o[i].style.display="none";for(i=0;i<a.length;i++)s=a[i],e.source===s.contentWindow&&(s.removeAttribute("style"),"height"===t.message?(1e3<(r=parseInt(t.value,10))?r=1e3:~~r<200&&(r=200),s.height=r):"link"===t.message&&(r=new URL(s.getAttribute("src")),n=new URL(t.value),c.test(n.protocol))&&n.host===r.host&&l.activeElement===s&&(d.top.location.href=t.value))}},d.addEventListener("message",d.wp.receiveEmbedMessage,!1),l.addEventListener("DOMContentLoaded",function(){for(var e,t,s=l.querySelectorAll("iframe.wp-embedded-content"),r=0;r<s.length;r++)(t=(e=s[r]).getAttribute("data-secret"))||(t=Math.random().toString(36).substring(2,12),e.src+="#?secret="+t,e.setAttribute("data-secret",t)),e.contentWindow.postMessage({message:"ready",secret:t},"*")},!1)))}(window,document);
</script>

El Col·legi ha estat notícia als mitjans de comunicació durant el març per diversos temes. Els que van tenir més repercussió van ser Infarma Madrid 2018, la nova guia de salut bucodental per a farmàcies i el projecte Plenufar.
